r of 8 and 3486?
2
Calculate the highest common divisor of 851 and 407.
37
What is the greatest common factor of 184 and 291088?
184
What is the greatest common factor of 1995 and 5510?
95
Calculate the highest common factor of 903 and 5346.
3
What is the highest common divisor of 390 and 369330?
390
Calculate the highest common divisor of 990 and 42405.
165
What is the greatest common divisor of 6685 and 21140?
35
Calculate the highest common factor of 13750 and 44.
22
What is the greatest common divisor of 40803 and 3654?
609
Calculate the highest common divisor of 70 and 2042054.
14
What is the highest common factor of 16114 and 112?
14
What is the greatest common factor of 555758 and 6848?
214
Calculate the highest common divisor of 1178450 and 1330.
70
Calculate the highest common factor of 84656 and 1456.
208
Calculate the greatest common divisor of 2645 and 250217.
529
What is the greatest common factor of 3 and 1553259?
3
Calculate the highest common divisor of 20 and 346310.
10
Calculate the greatest common divisor of 656308 and 376.
188
Calculate the highest common divisor of 35 and 115535.
35
What is the greatest common divisor of 272319 and 258?
129
What is the greatest common factor of 7 and 291886?
7
Calculate the highest common factor of 770185 and 578.
289
What is the greatest common divisor of 390 and 7943260?
130
What is the highest common factor of 73125 and 2691?
117
Calculate the greatest common factor of 2793 and 4256.
133
What is the highest common factor of 4332 and 8?
4
What is the highest common factor of 7909 and 93470?
719
What is the highest common factor of 101 and 538431?
101
What is the highest common divisor of 64 and 608704?
64
Calculate the greatest common divisor of 143 and 215748.
13
What is the highest common divisor of 9694 and 444?
74
Calculate the greatest common factor of 917332 and 1183.
169
What is the greatest common divisor of 37490 and 50?
10
Calculate the highest common divisor of 133875 and 4641.
357
Calculate the greatest common divisor of 1046 and 2132271.
523
What is the highest common divisor of 153768 and 11352?
1032
What is the highest common divisor of 67515 and 245?
35
Calculate the highest common divisor of 7672 and 86858.
274
What is the highest common factor of 61355 and 30?
5
Calculate the highest common divisor of 29 and 1275739.
29
Calculate the greatest common divisor of 35 and 356755.
35
What is the greatest common factor of 11584 and 543?
181
What is the highest common factor of 28832 and 323?
17
Calculate the highest common divisor of 100356 and 4.
4
What is the greatest common factor of 48 and 1342736?
16
What is the highest common divisor of 81 and 3213351?
81
What is the highest common factor of 6241 and 8769?
79
Calculate the highest common divisor of 42918 and 96.
6
Calculate the highest common divisor of 246984 and 492.
492
What is the highest common divisor of 9844 and 963?
107
Calculate the highest common factor of 74 and 24938.
74
What is the greatest common divisor of 3958 and 2808?
2
What is the greatest common factor of 192 and 24135552?
192
Calculate the greatest common divisor of 1116 and 9052.
124
Calculate the greatest common divisor of 64 and 1068992.
64
Calculate the highest common divisor of 20 and 39960.
20
What is the greatest common factor of 54766 and 3058?
278
Calculate the highest common divisor of 80969 and 4515.
301
What is the greatest common factor of 8697 and 2496?
39
What is the greatest common divisor of 66059 and 56?
7
Calculate the greatest common divisor of 2430 and 825.
15
Calculate the highest common divisor of 1296 and 414072.
648
What is the greatest common factor of 624 and 16562?
26
What is the greatest common divisor of 2226 and 314979?
1113
What is the greatest common divisor of 364 and 512876?
364
Calculate the highest common factor of 4 and 3386.
2
Calculate the greatest common factor of 2781 and 7344.
27
What is the highest common divisor of 95 and 184262?
19
What is the highest common divisor of 440 and 25000?
40
Calculate the highest common divisor of 1736060 and 10.
10
Calculate the highest common factor of 19824 and 651.
21
What is the greatest common divisor of 769 and 2283161?
769
Calculate the greatest common factor of 8 and 580408.
8
What is the highest common divisor of 1191 and 83767?
397
What is the highest common divisor of 665710 and 10?
10
Calculate the highest common divisor of 6294 and 30.
6
Calculate the highest common factor of 26319 and 24676.
31
Calculate the greatest common divisor of 2995 and 35.
5
Calculate the highest common divisor of 41 and 15539.
41
What is the greatest common divisor of 28188 and 1740?
348
What is the greatest common factor of 4123 and 46417?
133
What is the highest common factor of 54 and 1286874?
54
What is the greatest common factor of 195 and 147465?
15
What is the greatest common factor of 15328 and 5269?
479
What is the highest common divisor of 6728 and 328?
8
Calculate the greatest common divisor of 23826 and 858.
66
Calculate the highest common divisor of 15963 and 8313.
51
Calculate the highest common factor of 54423 and 9.
9
Calculate the highest common divisor of 231 and 184107.
231
What is the greatest common factor of 11516429 and 1139?
1139
What is the greatest common divisor of 3445 and 40?
5
Calculate the highest common factor of 50296 and 40.
8
What is the highest common divisor of 677044 and 4385?
877
What is the highest common divisor of 20 and 1855390?
10
What is the greatest common factor of 406 and 2302716?
58
Calculate the greatest common divisor of 1539 and 342.
171
Calculate the greatest common factor of 255 and 134436.
51
What is the greatest common divisor of 54 and 229752?
18
Calculate the highest common factor of 484992 and 432.
144
What is the greatest common factor of 8406 and 45?
9
What is the highest common divisor of 290265 and 74?
37
What is the greatest common factor of 3031 and 589313?
433
Calculate the highest common factor of 897934 and 201.
67
What is the highest common divisor of 55 and 86119?
11
Calculate the highest common factor of 184973 and 109.
109
Calculate the greatest common factor of 303 and 107060.
101
Calculate the greatest common factor of 259291 and 2708.
677
Calculate the greatest common divisor of 677424 and 72.
24
What is the greatest common divisor of 26 and 408941?
13
Calculate the greatest common factor of 12912 and 32.
16
What is the greatest common factor of 5053 and 2771?
163
What is the highest common factor of 6391 and 693?
77
Calculate the greatest common divisor of 131000 and 25000.
1000
What is the highest common divisor of 74712 and 264?
264
What is the highest common factor of 176359 and 1984?
31
Calculate the highest common factor of 6264 and 92104.
232
Calculate the greatest common divisor of 407968 and 208.
16
What is the highest common factor of 11966 and 682?
62
What is the highest common factor of 20239 and 1739?
37
Calculate the highest common factor of 6431 and 236.
59
Calculate the greatest common divisor of 823844 and 140.
28
Calculate the highest common factor of 9178 and 55774.
706
What is the highest common factor of 21424 and 1248?
208
What is the highest common factor of 39815 and 5?
5
Calculate the highest common factor of 1066 and 36572.
82
Calculate the greatest common factor of 38960 and 60.
20
What is the greatest common divisor of 368914 and 728?
182
What is the greatest common divisor of 1110 and 42690?
30
Calculate the highest common factor of 27410 and 20.
10
Calculate the greatest common divisor of 270 and 1171881.
27
Calculate the greatest common factor of 8442 and 6111.
63
Calculate the highest common divisor of 2345 and 50680.
35
Calculate the greatest common divisor of 3 and 26579.
1
Calculate the greatest common factor of 48604 and 116.
116
Calculate the highest common divisor of 10505 and 77.
11
Calculate the greatest common divisor of 107982 and 2394.
126
What is the greatest common divisor of 3227 and 448?
7
Calculate the greatest common factor of 10317 and 1539.
57
Calculate the greatest common factor of 108160 and 8960.
640
What is the highest common factor of 54450 and 5?
5
What is the highest common factor of 165 and 56991?
33
Calculate the greatest common divisor of 12760 and